58*a - 2 + 98*a. Let k be 68/(-18) - 4/18. What is the units digit of p(k)?
6
Suppose 2*u - 2*i - 10 = 0, -2*i - 6 = -u + 1. Suppose -900 = -5*s + u*s + 3*g, -4*s = -3*g - 1788. What is the tens digit of s?
4
Let x = -13468 + 16409. What is the hundreds digit of x?
9
Suppose 148714 - 2908 = 25*i - 6*i. What is the tens digit of i?
7
Let h(o) be the second derivative of 7*o**5/60 - o**4/12 + 2*o**3/3 - 19*o. Let z(c) be the second derivative of h(c). What is the hundreds digit of z(8)?
1
Let p = 475 + -297. Suppose -10*b = -8*b - p. Suppose s = d - b, 1 = -3*s - 8. What is the units digit of d?
6
Suppose p + 21*h = 20*h + 7947, 3*h = -2*p + 15897. What is the thousands digit of p?
7
Let v be (434/3)/(8/36). Suppose -636 - v = -w - 3*q, -3*q = 6. What is the thousands digit of w?
1
Suppose -24352 = -2*a + 3*d + 30580, -5*a - d = -137364. What is the ten thousands digit of a?
2
Let d = -10044 - -17671. What is the units digit of d?
7
Let d(p) = 2*p**2 - 39*p + 53. Let u be d(-19). Let v = u - 572. What is the tens digit of v?
4
Suppose 0 = 2*h + 3*h - 5. Suppose 2*k = -h + 11. Suppose -v = k*i - 93, -3*i + 46 + 19 = -4*v. What is the tens digit of i?
1
Suppose -4010*q = -4007*q - 7428. What is the thousands digit of q?
2
Let b be (6/4)/((-9)/(-7032)). Let v = -819 + b. What is the units digit of v?
3
Let l(k) = 28*k**2 - 2. Let h(i) = -30*i - 59. Let c be h(-2). What is the tens digit of l(c)?
2
Let a = -38 - -66. Let j be (-5 + 1)*(-302)/8. Let x = a + j. What is the units digit of x?
9
Suppose -o + 1044 = 3*n - 5803, 2*o - 2*n - 13734 = 0. What is the thousands digit of o?
6
Let b = -17087 - -28077. What is the hundreds digit of b?
9
Suppose -17*p - 7 = 44. What is the tens digit of (969 + p)/6 + 3?
6
What is the thousands digit of 6982080/455 + (-6)/26?
5
What is the hundreds digit of (-498)/(-9)*(-7 + 181 + 3)?
7
Let v be ((-27)/(-3) - -169) + -8. Suppose 151*w + 4731 = v*w. What is the hundreds digit of w?
2
Suppose 22*b = 17*b + 250. What is the units digit of (b - 1) + (1 - 0)?
0
Suppose 2*j - 45 = 5*x, -j - 3 + 6 = 4*x. Suppose 274*i - 265*i - 45 = 0. Suppose i*a - 185 = -j. What is the units digit of a?
4
Let i(r) = 7786*r + 2607. What is the ten thousands digit of i(9)?
7
What is the ten thousands digit of 4/(-14) + 0 - 29543016/(-1246)?
2
Let b(c) = -c**3 - 37*c**2 + 53*c + 660. What is the thousands digit of b(-43)?
9
Suppose 3 = -3*n, -f + 3*n + 1101 = f. Let m = f - 489. What is the tens digit of m?
6
Let j = -491 + 28032. What is the units digit of j?
1
Suppose 76*n + 22*n = -82*n + 2346480. What is the units digit of n?
6
Let o = 6 - 4. Suppose -5*q = -o*k - 614, -k + 0*k = -4*q + 493. Suppose 0 = 2*y - q - 44. What is the units digit of y?
4
Suppose 81 = 2*g + g. Suppose 4*r - 742 = n, -22*r + 25*r + n = 553. Let c = r + g. What is the hundreds digit of c?
2
Let x = 128 + -110. Suppose 27*y - x*y - 9297 = 0. What is the hundreds digit of y?
0
Let q be -1*(12/6 + -20). Suppose 5*c - 800 = 5*m, -q*m - 12 = -22*m. What is the units digit of c?
3
Suppose -12614 = -4*t + 5375 + 6891. What is the units digit of t?
0
Let r be -2 - ((-6)/18)/(4/60). Suppose 2*h + m = r, -m = 5*h + 5 - 17. What is the units digit of h?
3
Let l = -242 - -283. What is the units digit of l*32 - (1 + (4 - 9))?
6
Let h = 58 - 68. Let l(n) = 3*n**2 + 30*n + 2. Let j be l(h). Suppose d = j*v - 57, 5*v + 0*d = -d + 146. What is the units digit of v?
9
Suppose -181 = y - 2*t + 156, 4*y = -2*t - 1308. What is the units digit of (y/98*4)/((-2)/14)?
4
Let v = -30 + 29. Let o be (v - 2/6)/((-2)/141). Let d = -37 + o. What is the units digit of d?
7
Suppose 13*u - 8*u - 94755 = -5*b, -3*u + 2*b + 56868 = 0. What is the units digit of u?
4
What is the units digit of ((-2)/6)/((-118)/177)*2548/1?
4
Suppose -4730 - 25888 = -14*y. Suppose -3*d = -894 - y. What is the tens digit of d?
2
Suppose 5*u = -y + 3*y - 19, 0 = y + 4*u + 10. Let h be y/6*6*(-6)/(-6). Suppose -4*r + 1 = -2*v - 141, h*v - 191 = -5*r. What is the tens digit of r?
3
Suppose 211*s = -3*s + 1097607 + 1334931. What is the units digit of s?
7
What is the thousands digit of (-1360876)/(-154) + (-1)/((-7)/8)?
8
Let g(l) = -2*l**2 + 16*l + 21. Let i be g(8). Suppose 447 = i*r - 18*r. What is the hundreds digit of r?
1
Let i(r) = -r**3 - 2*r**2 + 2*r + 825. Let b be i(0). Suppose -20*s = -25*s + b. What is the units digit of s?
5
Suppose 15*b = 17*b - 2. Let p be (-87)/3*-3 - 1/b. Suppose -6*g + p = -5*g. What is the units digit of g?
6
Let w(h) be the first derivative of 157*h**2/2 + 95*h + 137. What is the units digit of w(3)?
6
Suppose 5*j = 4*m - 16, 4*m - 4*j = -m + 20. Suppose -53 = 3*v - 4*v + m*o, 5*v - 319 = 2*o. Let d = 125 - v. What is the units digit of d?
0
Let i = 3467 + -1382. Suppose 10*c - i = -745. What is the units digit of c?
4
Let d(o) be the second derivative of -21*o**2 + 0 - 36*o + 4/3*o**3. What is the hundreds digit of d(21)?
1
Let y(s) = 17*s - 9 + 9*s - 9. Let j(f) = -3*f - 28. Let n be j(-11). What is the hundreds digit of y(n)?
1
Let c(a) = a**2 - 12*a - 58. Let r be c(-11). Let g be 8 - -4 - 2*-1. Suppose g*k = 11*k + r. What is the units digit of k?
5
Let v be ((-4)/(-3))/((-34)/(-4947)). Suppose 0 = -6*k + v + 592. What is the hundreds digit of k?
1
Let f(n) = 4*n + 4*n + 185 + 8*n - 24*n + 6*n. What is the hundreds digit of f(21)?
1
Suppose 2*n - 33 + 23 = 0, -2*d + 21731 = n. What is the ten thousands digit of d?
1
Let r = 440 - 114. Let q = r + 1192. What is the units digit of q?
8
Suppose -510 = -5*r - 29*r. Let h(b) = -4*b**2 - 3*b + 10. Let m be h(6). What is the units digit of (-3)/(r/m) - (-6)/10?
1
Suppose -951*y + 968*y - 402170 = 66044. What is the ten thousands digit of y?
2
What is the thousands digit of (18256 - 1)/(17 + -16)?
8
Let j(c) = c**3 + 5*c**2 + 42*c + 170. What is the thousands digit of j(19)?
9
Let v = -127224 + 193596. What is the tens digit of v?
7
Suppose 5*q - 25 = -2*o, 5 = -q + 2*q + 5*o. Suppose -2*y - q = -y, -4*y = 5*i - 4810. What is the units digit of i?
6
Suppose -m = -b + 3*m - 3, 0 = 2*b - 4*m - 2. Let k be b + -106 + -1 + -5. Let i = k - -309. What is the tens digit of i?
0
Let j be (1 - (-4)/4) + 4/2. Suppose -3*g - 15 = -3, -3*p + j*g = -334. What is the hundreds digit of p?
1
Let b = -12805 + 19818. What is the tens digit of b?
1
Let s be 13 + 25/(-5) + 0. What is the hundreds digit of (1/(-3))/((56/(-10857))/s)?
5
Suppose 2*i = -4*j + 4926, 392*j - 28 = 396*j. What is the tens digit of i?
7
Let y(t) = -t**3 - 16*t**2 + 10*t + 9. Suppose g + 12*g = -221. Let c be y(g). What is the units digit of 2 - 4 - (-2 - c)?
8
Let i(z) = 15*z - 4. Let y be 20 + -10 - (1 + (-2 - -4)). Suppose 8*p - 15*p + y = 0. What is the units digit of i(p)?
1
Let a be (-28)/(-4) + 3*-1. Suppose -q - 14 = 4*d, -8 = 4*q + 5*d + 4. Suppose c = q*z - 6, -z - 3 - a = -3*c. What is the units digit of z?
5
Suppose -147*l + 307553 = 71*l - 2678175. What is the hundreds digit of l?
6
Suppose 3*p - 778 = -5*h, 2*p - p + 5*h = 276. Suppose -247*a = -p*a + 804. What is the hundreds digit of a?
2
What is the tens digit of (-10 + 5 + -62)/(4/(-572)) - -4?
8
Let a(j) = 16 + 12*j + 14*j - 25*j. Let p be a(-12). Suppose 3*s + 171 = f, 7*f - 3*f = -p*s + 604. What is the hundreds digit of f?
1
Suppose 9774*w = 9747*w + 461484. What is the units digit of w?
2
Let x be (0 - 3/15) + 828/15. Let a = -53 + x. What is the units digit of (-1)/((-4)/124)*a?
2
What is the tens digit of (-5 - 14) + (-58038)/(-6)?
5
Let h(v) = -4*v + 30. Suppose -62*w + 7 = -2*s - 59*w, 0 = 5*w - 5. What is the tens digit of h(s)?
3
Suppose -5*y + 119313 = 4*j, -4*y + 9*y + 119303 = 4*j. What is the hundreds digit of j?
8
Let k = 143725 - 76892. What is the units digit of k?
3
Let m = -509 - -530. Suppose -m*o + 29*o = 9016. What is the units digit of o?
7
Let q(v) = 15*v + 31. Let c = 32 + -21. Let n be q(c). Suppose -n = -4*z - z + 4*g, g - 1 = 0. What is the units digit of z?
0
Let g(x) = 0*x**2 + x**2 + 12*x**3 - 10*x**3. Let k be g(3). Suppose -2*d + 55 = -k. What is the units digit of d?
9
Let a(c) = 624*c**2 + 41*c + 24. What is the tens digit of a(5)?
2
Let w(g) = g**2 + 12*g - 34. Let c be w(-14). Let o = -6 - c. What is the tens digit of o + (-2*99)/(-3)?
6
What is the thousands digit of 218